{"id":18,"date":"2023-03-24T19:56:37","date_gmt":"2023-03-24T18:56:37","guid":{"rendered":"http:\/\/la-chti-it-info.fr\/?page_id=18"},"modified":"2023-03-24T19:56:37","modified_gmt":"2023-03-24T18:56:37","slug":"a-propos","status":"publish","type":"page","link":"https:\/\/la-chti-it-info.fr\/index.php\/a-propos\/","title":{"rendered":"A Propos&#8230;"},"content":{"rendered":"\n<p>J&#8217;ai gravi les \u00e9chelons pas \u00e0 pas, passant de technicienne HelpDesk \u00e0 Technicienne Poste de Travail niveau 3, puis administrateur syst\u00e8mes sur Exchange (2003 \/ 2007 \/ 2010), puis ing\u00e9nieur syst\u00e8mes pour continuer sur le r\u00f4le de chef de projet sur les technologies de synchronisation et de gestion de l&#8217;identit\u00e9&#8230; <\/p>\n\n\n\n<p class=\"has-text-align-left\">Professionnelle de l&#8217;IT, j&#8217;\u00e9volue dans l&#8217;\u00e9cosyst\u00e8me Microsoft depuis l&#8217;\u00e2ge de 8 ans (je m&#8217;\u00e9tais habitu\u00e9e \u00e0 BASIC 1.0 sur mon Amstrad CPC 464, mon papa m&#8217;avait d\u00e9j\u00e0 appris les bases de la programmation et non&#8230; Je ne vous dirai pas mon \u00e2ge!).<\/p>\n\n\n\n<p>La m\u00e9tamorphose et l&#8217;expansion de Microsoft sur les technologies Cloud m&#8217;ont fascin\u00e9e, et tout naturellement, j&#8217;ai \u00e9volu\u00e9 sur les technologies Office 365 puis Microsoft 365, toujours orient\u00e9e initialement sur la gestion et la direction de projet de transformation. Peu \u00e0 peu, le mal de cr\u00e2ne s&#8217;est install\u00e9&#8230; Comprendre les experts techniques, et leur jargon&#8230; Comprendre et vulgariser pour adapter le discours \u00e0 tous&#8230; Je me suis rendue compte du vrai challenge que cela comportait&#8230;. Et surtout, qu&#8217;un projet de transformation n&#8217;est r\u00e9ellement r\u00e9ussi que si au final, les b\u00e9n\u00e9fices sont r\u00e9ellement connus et exploit\u00e9s par l&#8217;ensemble des utilisateurs.<\/p>\n\n\n\n<p>Il faut comprendre que ces transformations ont un r\u00e9el impact sur nos habitudes, nos choix, nos modes de travail. Ces chamboulements forts n\u00e9cessitent une incroyable adaptabilit\u00e9 de la part des utilisateurs. Et sur ce principe, j&#8217;ai choisi de cr\u00e9er un blog sp\u00e9cial, au niveau de tous, pour faire de l&#8217;IT, un outil, un b\u00e9n\u00e9fice et non plus un challenge, une aventure, une travers\u00e9e en zone sinistr\u00e9e, pour chacun d&#8217;entre nous.<\/p>\n\n\n\n<p>J&#8217;esp\u00e8re que mes publications vous plairont, et qu&#8217;elles vous r\u00e9concilieront avec les informaticiens et la technologie&#8230;.<\/p>\n","protected":false},"excerpt":{"rendered":"<p>J&#8217;ai gravi les \u00e9chelons pas \u00e0 pas, passant de technicienne HelpDesk \u00e0 Technicienne Poste de Travail niveau 3, puis administrateur syst\u00e8mes sur Exchange (2003 \/ 2007 \/ 2010), puis ing\u00e9nieur syst\u00e8mes pour continuer sur le r\u00f4le de chef de projet sur les technologies de synchronisation et de gestion de l&#8217;identit\u00e9&#8230; Professionnelle de l&#8217;IT, j&#8217;\u00e9volue dans [&hellip;]<\/p>\n","protected":false},"author":1,"featured_media":0,"parent":0,"menu_order":0,"comment_status":"closed","ping_status":"closed","template":"","meta":{"footnotes":""},"class_list":["post-18","page","type-page","status-publish","hentry"],"_links":{"self":[{"href":"https:\/\/la-chti-it-info.fr\/index.php\/wp-json\/wp\/v2\/pages\/18","targetHints":{"allow":["GET"]}}],"collection":[{"href":"https:\/\/la-chti-it-info.fr\/index.php\/wp-json\/wp\/v2\/pages"}],"about":[{"href":"https:\/\/la-chti-it-info.fr\/index.php\/wp-json\/wp\/v2\/types\/page"}],"author":[{"embeddable":true,"href":"https:\/\/la-chti-it-info.fr\/index.php\/wp-json\/wp\/v2\/users\/1"}],"replies":[{"embeddable":true,"href":"https:\/\/la-chti-it-info.fr\/index.php\/wp-json\/wp\/v2\/comments?post=18"}],"version-history":[{"count":3,"href":"https:\/\/la-chti-it-info.fr\/index.php\/wp-json\/wp\/v2\/pages\/18\/revisions"}],"predecessor-version":[{"id":23,"href":"https:\/\/la-chti-it-info.fr\/index.php\/wp-json\/wp\/v2\/pages\/18\/revisions\/23"}],"wp:attachment":[{"href":"https:\/\/la-chti-it-info.fr\/index.php\/wp-json\/wp\/v2\/media?parent=18"}],"curies":[{"name":"wp","href":"https:\/\/api.w.org\/{rel}","templated":true}]}}